3124
What is -152177 (base 9) in base 16?
-16d17
-aa292 (base 11) to base 14
-42491
3515402 (base 9) to base 15
277ed5
-119a91a (base 11) to base 15
-2b0e1b
What is 233353 (base 12) in base 3?
1001201210100
-3cc3a (base 16) to base 9
-418364
Convert 100111110100 (base 3) to base 15.
3a5dc
Convert 131a54 (base 14) to base 7.
5406634
Convert 24353310 (base 6) to base 8.
2755552
What is 62613 (base 10) in base 6?
1201513
Convert -2929144 (base 10) to base 11.
-1720789
What is 1e286 (base 15) in base 10?
98451
30846 (base 11) to base 14
12541
Convert -154167 (base 10) to base 13.
-55230
-74157 (base 16) to base 12
-1ab1b3
199053 (base 12) to base 15
8d9b6
What is -52c8b (base 13) in base 4?
-210131132
-13236a (base 12) to base 11
-1a5743
1c9b0 (base 14) to base 2
10001111000101110
Convert -3573011 (base 8) to base 10.
-980489
What is 318da (base 15) in base 11?
a816a
-18d91 (base 15) to base 12
-3a83a
2121200212121 (base 3) to base 6
45454241
What is -3558313 (base 9) in base 3?
-10121222100110
What is -3432031003 (base 5) in base 8?
-35252437
Convert 11212002122 (base 3) to base 13.
34667
What is 187555 (base 10) in base 16?
2dca3
What is 481583 (base 10) in base 5?
110402313
What is -3026416 (base 7) in base 13?
-c7b37
What is -1220000012000 (base 3) in base 4?
-3311013000
Convert 448059 (base 10) to base 2.
1101101011000111011
Convert 2786596 (base 10) to base 14.
527748
What is -3462009 (base 11) in base 14?
-b36844
What is 6637672 (base 9) in base 16?
367295
Convert 300464 (base 9) to base 16.
2b579
-4b3fe (base 16) to base 2
-1001011001111111110
Convert -11011000111100011001 (base 2) to base 8.
-3307431
-427aad (base 15) to base 2
-1100000100101001110100
Convert -397062 (base 10) to base 7.
-3242421
85050 (base 14) to base 9
538437
Convert 5210478 (base 9) to base 5.
1203013014
101011110011100101111 (base 2) to base 3
2200221001102
What is 11010111001000000 (base 2) in base 5?
12011034
What is 11012205 (base 6) in base 3?
121200110212
Convert -830283 (base 9) to base 5.
-111223222
What is -132232203221 (base 4) in base 14?
-10d9705
Convert -aa6733 (base 11) to base 10.
-1765789
What is -1961b32 (base 12) in base 11?
-3026a70
1001110100110110001 (base 2) to base 9
540583
What is -20707a8 (base 11) in base 7?
-42665261
Convert -1573499 (base 10) to base 9.
-2857382
What is -1624610 (base 7) in base 8?
-667306
1756178 (base 10) to base 14
33a014
What is -456071 (base 10) in base 9?
-764545
2578cc (base 15) to base 11
1018534
What is -3577 (base 8) in base 16?
-77f
Convert 12217 (base 15) to base 16.
e1f7
Convert -2003301023 (base 4) to base 3.
-1000102100202
Convert 26a93 (base 14) to base 8.
272231
What is -36927a6 (base 12) in base 6?
-1020033130
1796847 (base 11) to base 2
1011100110000111001100
-a6c833 (base 15) to base 13
-184cc47
-100001100111111101011 (base 2) to base 11
-69288a
-40400 (base 14) to base 11
-a6048
5005535 (base 6) to base 13
829c4
-13222031033 (base 4) to base 3
-10210000022012
-2043550 (base 7) to base 16
-3c1c3
Convert 2b8bc (base 16) to base 13.
63254
-11110211112100 (base 3) to base 4
-21010222101
-3b9ad (base 14) to base 12
-71331
Convert -b7136c (base 13) to base 8.
-20264740
What is 2448b4 (base 12) in base 14?
11481a
What is 4cb77 (base 15) in base 11?
158571
What is 312316 (base 8) in base 6?
2115434
87b321 (base 14) to base 12
165b455
Convert 100221221001121 (base 3) to base 11.
2a95a42
What is -8f2d (base 16) in base 9?
-55245
-3b15c (base 15) to base 13
-68226
What is 492976 (base 15) in base 10?
3502011
-1542c8 (base 16) to base 3
-2121210022122
Convert 5245002 (base 7) to base 15.
c7920
What is -226 (base 13) in base 16?
-172
What is 9cb28 (base 13) in base 3?
112111100220
What is 851627 (base 11) in base 9?
2507571
-4232321 (base 5) to base 15
-1605b
What is -34341088 (base 9) in base 2?
-111111100111111111010111
Convert -ebded (base 15) to base 3.
-1102001110121
1010100110000011110100 (base 2) to base 5
1202333312
Convert -75d171 (base 16) to base 15.
-a27c04
Convert 26551011 (base 7) to base 6.
124255403
-2202221002 (base 3) to base 10
-54623
What is 11101111100111000 (base 2) in base 4?
131330320
What is -3211506 (base 7) in base 8?
-1370664
Convert -d481 (base 14) to base 4.
-20323121
What is 4242121014 (base 5) in base 7?
136001666
Convert 1073418 (base 11) to base 7.
21652543
What is -101021342 (base 5) in base 9?
-681254
-100111001010110010011100 (base 2) to base 4
-213022302130
142443112 (base 5) to base 14
15735c
40a8b (base 12) to base 10
84491
27511 (base 10) to base 15
8241
-1b491 (base 15) to base 6
-1523014
Convert -411421 (base 7) to base 3.
-10120021101
47050 (base 14) to base 7
1320130
124053 (base 8) to base 4
22200223
Convert -6e24d (base 15) to base 3.
-122212012101
Convert -20221101311 (base 4) to base 7.
-25156040
Convert 1000111000011100000 (base 2) to base 12.
120514
Convert 778b9b (base 13) to base 5.
1210143131
What is -71b2c (base 15) in base 8?
-1277513
What is -1406b (base 15) in base 7?
-355151
Convert -116406 (base 12) to base 13.
-9a8b4
What is 100221221110 (base 3) in base 10?
196059
320906 (base 10) to base 15
6513b
Convert 22442313 (base 7) to base 11.
1119692
-12aa18 (base 15) to base 12
-372a88
What is 100010021210 (base 3) in base 5?
21221134
Convert -1323462 (base 7) to base 11.
-109920
a4677 (base 13) to base 16
48256
-20176 (base 14) to base 2
-10010110101001100
Convert 1820b3 (base 15) to base 11.
730012
What is -71048a (base 13) in base 5?
-1133102102
What is -3a254 (base 12) in base 9?
-131461
Convert 1c684 (base 15) to base 11.
63631
Convert 1000001011101111000 (base 2) to base 10.
268152
Convert -22142261 (base 7) to base 10.
-1909622
Convert -9a214 (base 14) to base 8.
-1331532
Convert 2a22750 (base 12) to base 15.
b305a9
Convert -2404140114 (base 5) to base 2.
-10101000111110010001101
-c8c1 (base 13) to base 7
-144156
-1001233033 (base 4) to base 6
-5434331
Convert 10001000101111100 (base 2) to base 4.
101011330
What is -1012012121002 (base 3) in base 2?
-10011010110001001111
What is 272aa8 (base 11) in base 5?
102203304
-203000112232 (base 4) to base 11
-51a8488
-335cd2 (base 16) to base 9
-6300368
Convert 1411011132 (base 5) to base 15.
4b4a2c
Convert -3173883 (base 9) to base 16.
-19f941
Convert a72920 (base 14) to base 5.
2421420212
Convert -100001100100001001 (base 2) to base 16.
-21909
What is -120121000 (base 4) in base 10?
-99904
What is 554786 (base 10) in base 13?
16569b
What is 2867807 (base 9) in base 3?
2222021220021
-1212102002212 (base 3) to base 8
-3621766
Convert -409936 (base 16) to base 10.
-4233526
Convert 3404 (base 6) to base 13.
493
210330 (base 7) to base 14
d287
What is 1310212313 (base 4) in base 7?
4026326
599228 (base 12) to base 6
51001252
What is b988c (base 14) in base 13?
129479
489142 (base 10) to base 8
1673266
What is 7e96e (base 15) in base 5?
100410004
-10100101101011 (base 2) to base 4
-2211223
Convert -646625 (base 7) to base 6.
-2230145
What is -1000452 (base 7) in base 10?
-117882
-cf3fe (base 16) to base 11
-52a872
Convert 665869 (base 12) to base 9.
3050180
-43c9bd (base 16) to base 7
-52522030
Convert 2064283 (base 10) to base 8.
7677633
Convert 35e57a (base 15) to base 14.
4b21d2
Convert -2314424340 (base 5) to base 3.
-100211212110100
-43de97 (base 15) to base 16
-3162be
What is -31420343 (base 5) in base 2?
-1000000011010101000
8e55 (base 16) to base 11
25415
Convert -1c4408 (base 13) to base 15.
-e4582
Convert -f970a (base 16) to base 3.
-1220220111222
Convert -1d151 (base 15) to base 12.
-46a41
Convert 11001101111001010011001 (base 2) to base 3.
110200202211122
332133 (base 8) to base 9
180208
-3953a5 (base 11) to base 3
-1011121022002
What is 233221103 (base 5) in base 15?
162138
1394512 (base 11) to base 15
323d00
Convert -3517306 (base 8) to base 11.
-5a4966
Convert -50a51 (base 14) to base 15.
-3c7ab
-32301 (base 9) to base 16
-5389
Convert -2220314 (base 7) to base 6.
-5511532
49887 (base 11) to base 4
101132312
Convert -3a211b (base 15) to base 8.
-12513720
What is -1560958 (base 11) in base 5?
-1140301224
Convert -2440112 (base 6) to base 10.
-129644
What is -56430 (base 8) in base 13?
-ab03
What is -10101100000011000 (base 2) in base 15?
-1b178
What is 297473 (base 10) in base 15?
5d218
What is -6db